{"id":302,"date":"2017-06-21T05:00:59","date_gmt":"2017-06-21T05:00:59","guid":{"rendered":"http:\/\/smartdata.tonytemplates.com\/cleaning-service\/?page_id=302"},"modified":"2026-04-22T14:08:49","modified_gmt":"2026-04-22T14:08:49","slug":"contacts","status":"publish","type":"page","link":"http:\/\/finix.com.tr\/index.php\/contacts\/","title":{"rendered":"Contacts"},"content":{"rendered":"<section class=\"wpb-content-wrapper\"><p>[vc_row full_width=&#8221;stretch_row_content_no_spaces&#8221; css=&#8221;.vc_custom_1505804787154{margin-top: -30px !important;margin-bottom: 70px !important;}&#8221;][vc_column][vc_column_text]<\/p>\n<h1 class=\"text-center h-decor\">Contact Us<\/h1>\n<p>[\/vc_column_text][\/vc_column][\/vc_row][vc_row][vc_column][vc_gmaps link=&#8221;#E-8_JTNDaWZyYW1lJTIwc3JjJTNEJTIyaHR0cHMlM0ElMkYlMkZ3d3cuZ29vZ2xlLmNvbSUyRm1hcHMlMkZlbWJlZCUzRnBiJTNEJTIxMW0xOCUyMTFtMTIlMjExbTMlMjExZDMwMDguNDY5OTQyNDkzMDUzNiUyMTJkMjguODMwMzk5ODE0Nzg1MiUyMTNkNDEuMDU4NzE5MjI0MjY5NCUyMTJtMyUyMTFmMCUyMTJmMCUyMTNmMCUyMTNtMiUyMTFpMTAyNCUyMTJpNzY4JTIxNGYxMy4xJTIxM20zJTIxMW0yJTIxMXMweDE0Y2FhNTY5NmJiMzRlYmYlMjUzQTB4Zjk4ZDVjOWZjYjA0MDEzYiUyMTJzUmVua3NhbiUyNTIwR3JvdXAlMjE1ZTAlMjEzbTIlMjExc2VuJTIxMnN0ciUyMTR2MTU5ODM2NzQ0NzczMCUyMTVtMiUyMTFzZW4lMjEyc3RyJTIyJTIwd2lkdGglM0QlMjI2MDAlMjIlMjBoZWlnaHQlM0QlMjI0NTAlMjIlMjBmcmFtZWJvcmRlciUzRCUyMjAlMjIlMjBzdHlsZSUzRCUyMmJvcmRlciUzQTAlM0IlMjIlMjBhbGxvd2Z1bGxzY3JlZW4lM0QlMjIlMjIlMjBhcmlhLWhpZGRlbiUzRCUyMmZhbHNlJTIyJTIwdGFiaW5kZXglM0QlMjIwJTIyJTNFJTNDJTJGaWZyYW1lJTNF&#8221; css_animation=&#8221;bounceIn&#8221;][vc_separator][\/vc_column][\/vc_row][vc_row el_class=&#8221;Contact-pages-1&#8243;][vc_column width=&#8221;1\/3&#8243; el_class=&#8221;side-contact-1&#8243;]    <div class=\"address-box\">\n        <h3>Head Office<\/h3>\n        <div class=\"contact-info-sm\">\n            <i class=\"icon icon-map-marker\"><\/i>\n                                    Phone: +90-212-445-3410                        <br> Fax: 212-445-1993                                    <br> Email: <a href=\"mailto:info@renksangroup.com\">info@renksangroup.com<\/a>\n                                    <br>Mahmutbey G\u00f6ztepe Mah. Saray Sok. No: 16<br \/>\nBa\u011fc\u0131lar \/ \u0130stanbul \/ T\u00fcrkiye            <br>\n                        <ul class=\"social-list social-list-sm\">\n\n                \n                \n                \n                            <\/ul>\n        <\/div>\n    <\/div>\n    [\/vc_column][vc_column width=&#8221;2\/3&#8243; el_class=&#8221;side-contact-2&#8243;][vc_column_text]<\/p>\n<h2 class=\"text-center h-lg h-decor\">Get in Touch<\/h2>\n<p>[\/vc_column_text]\n<div class=\"wpcf7 no-js\" id=\"wpcf7-f476-o1\" lang=\"en-US\" dir=\"ltr\">\n<div class=\"screen-reader-response\"><p role=\"status\" aria-live=\"polite\" aria-atomic=\"true\"><\/p> <ul><\/ul><\/div>\n<form action=\"\/index.php\/wp-json\/wp\/v2\/pages\/302#wpcf7-f476-o1\" method=\"post\" class=\"wpcf7-form init\" aria-label=\"Contact form\" novalidate=\"novalidate\" data-status=\"init\">\n<div style=\"display: none;\">\n<input type=\"hidden\" name=\"_wpcf7\" value=\"476\" \/>\n<input type=\"hidden\" name=\"_wpcf7_version\" value=\"5.9.8\" \/>\n<input type=\"hidden\" name=\"_wpcf7_locale\" value=\"en_US\" \/>\n<input type=\"hidden\" name=\"_wpcf7_unit_tag\" value=\"wpcf7-f476-o1\" \/>\n<input type=\"hidden\" name=\"_wpcf7_container_post\" value=\"0\" \/>\n<input type=\"hidden\" name=\"_wpcf7_posted_data_hash\" value=\"\" \/>\n<input type=\"hidden\" name=\"_wpcf7_recaptcha_response\" value=\"\" \/>\n<\/div>\n<div class=\"contact-form\" id=\"contactForm\" method=\"post\" novalidate=\"novalidate\" _lpchecked=\"1\">\n\t<div class=\"successform text-center\">\n\t\t<p>Your message was sent successfully!\n\t\t<\/p>\n\t<\/div>\n\t<div class=\"errorform text-center\">\n\t\t<p>Something went wrong, try refreshing and submitting the form again.\n\t\t<\/p>\n\t<\/div>\n\t<div class=\"input-wrapper\">\n\t\t<p><span class=\"wpcf7-form-control-wrap\" data-name=\"your-name\"><input size=\"40\" maxlength=\"400\" class=\"wpcf7-form-control wpcf7-text wpcf7-validates-as-required form-control input-custom\" aria-required=\"true\" aria-invalid=\"false\" placeholder=\"Your Name\" value=\"\" type=\"text\" name=\"your-name\" \/><\/span>\n\t\t<\/p>\n\t<\/div>\n\t<div class=\"input-wrapper\">\n\t\t<p><span class=\"wpcf7-form-control-wrap\" data-name=\"your-email\"><input size=\"40\" maxlength=\"400\" class=\"wpcf7-form-control wpcf7-email wpcf7-validates-as-required wpcf7-text wpcf7-validates-as-email form-control input-custom\" aria-required=\"true\" aria-invalid=\"false\" placeholder=\"Email\" value=\"\" type=\"email\" name=\"your-email\" \/><\/span>\n\t\t<\/p>\n\t<\/div>\n\t<div class=\"input-wrapper\">\n\t\t<p><span class=\"wpcf7-form-control-wrap\" data-name=\"your-message\"><textarea cols=\"40\" rows=\"10\" maxlength=\"2000\" class=\"wpcf7-form-control wpcf7-textarea wpcf7-validates-as-required form-control textarea-custom\" aria-required=\"true\" aria-invalid=\"false\" placeholder=\"Message\" name=\"your-message\"><\/textarea><\/span>\n\t\t<\/p>\n\t<\/div>\n\t<div class=\"text-center\">\n\t\t<p><input class=\"wpcf7-form-control wpcf7-submit has-spinner btn\" type=\"submit\" value=\"Send Message\" \/>\n\t\t<\/p>\n\t<\/div>\n<\/div><p style=\"display: none !important;\" class=\"akismet-fields-container\" data-prefix=\"_wpcf7_ak_\"><label>&#916;<textarea name=\"_wpcf7_ak_hp_textarea\" cols=\"45\" rows=\"8\" maxlength=\"100\"><\/textarea><\/label><input type=\"hidden\" id=\"ak_js_1\" name=\"_wpcf7_ak_js\" value=\"144\"\/><script type=\"text\/javascript\">\n\/* <![CDATA[ *\/\ndocument.getElementById( \"ak_js_1\" ).setAttribute( \"value\", ( new Date() ).getTime() );\n\/* ]]> *\/\n<\/script>\n<\/p><div class=\"wpcf7-response-output\" aria-hidden=\"true\"><\/div>\n<\/form>\n<\/div>\n[\/vc_column][\/vc_row][vc_row el_class=&#8221;contact-pages-list&#8221;][vc_column width=&#8221;1\/3&#8243; el_class=&#8221;list-contact-3&#8243;]    <div class=\"address-box\">\n        <h3>BALKAN OFFICE<\/h3>\n        <div class=\"contact-info-sm\">\n            <i class=\"icon icon-map-marker\"><\/i>\n                                    Phone: Phone: +381606660379                                    <br> Email: <a href=\"mailto:n.belja@renksangroup.com\">n.belja@renksangroup.com<\/a>\n                                    <br>Ras\u0131nsk\u0131h Bombasa 8\/19 37000\u00a0 Krusevac, Serbia            <br>\n                        <ul class=\"social-list social-list-sm\">\n\n                                    <li>\n                        <a href=\"http:\/\/google\"><i class=\"icon-google-plus-logo\"><\/i><\/a>\n                    <\/li>\n                \n                                    <li>\n                        <a href=\"http:\/\/facebook\"><i class=\"icon-facebook-logo\"><\/i><\/a>\n                    <\/li>\n                \n                                    <li>\n                        <a href=\"http:\/\/twitter\"><i class=\"icon-twitter-logo\"><\/i><\/a>\n                    <\/li>\n                \n                                    <li>\n                        <a href=\"http:\/\/instragram\"><i class=\"icon-instagram-logo\"><\/i><\/a>\n                    <\/li>\n                            <\/ul>\n        <\/div>\n    <\/div>\n    [\/vc_column][vc_column width=&#8221;1\/3&#8243; el_class=&#8221;list-contact-3&#8243;]    <div class=\"address-box\">\n        <h3>FACTORY 1<\/h3>\n        <div class=\"contact-info-sm\">\n            <i class=\"icon icon-map-marker\"><\/i>\n                                    Phone: Phone: +90 212 685 25 61                        <br> Fax: Fax: +90 212 685 25 65                                    <br> Email: <a href=\"mailto:renksan@renksan.com.tr\">renksan@renksan.com.tr<\/a>\n                                    <br>Hicret Mah. Abdullah G\u00fcl Cad. No: 41 Bolluca<br \/>\nArnavutk\u00f6y \/ \u0130stanbul \/ T\u00fcrkiye            <br>\n                        <ul class=\"social-list social-list-sm\">\n\n                                    <li>\n                        <a href=\"http:\/\/google\"><i class=\"icon-google-plus-logo\"><\/i><\/a>\n                    <\/li>\n                \n                                    <li>\n                        <a href=\"https:\/\/www.facebook.com\/Renksangroup\"><i class=\"icon-facebook-logo\"><\/i><\/a>\n                    <\/li>\n                \n                                    <li>\n                        <a href=\"http:\/\/twitter\"><i class=\"icon-twitter-logo\"><\/i><\/a>\n                    <\/li>\n                \n                                    <li>\n                        <a href=\"http:\/\/instragram\"><i class=\"icon-instagram-logo\"><\/i><\/a>\n                    <\/li>\n                            <\/ul>\n        <\/div>\n    <\/div>\n    [\/vc_column][vc_column width=&#8221;1\/3&#8243; el_class=&#8221;list-contact-3&#8243;]    <div class=\"address-box\">\n        <h3>FACTORY 2<\/h3>\n        <div class=\"contact-info-sm\">\n            <i class=\"icon icon-map-marker\"><\/i>\n                                    Phone: Phone: +90 282 746 14 63                                    <br> Email: <a href=\"mailto:info@renksangroup.com\">info@renksangroup.com<\/a>\n                                    <br>Velik\u00f6y Mah. 17. Caddesi N0: 24 Velik\u00f6y Org. San. B\u00f6l.<br \/>\n\u00c7erkezk\u00f6y \/ \u0130stanbul \/ T\u00fcrkiye            <br>\n                        <ul class=\"social-list social-list-sm\">\n\n                                    <li>\n                        <a href=\"http:\/\/google\"><i class=\"icon-google-plus-logo\"><\/i><\/a>\n                    <\/li>\n                \n                                    <li>\n                        <a href=\"http:\/\/facebook\"><i class=\"icon-facebook-logo\"><\/i><\/a>\n                    <\/li>\n                \n                                    <li>\n                        <a href=\"http:\/\/twitter\"><i class=\"icon-twitter-logo\"><\/i><\/a>\n                    <\/li>\n                \n                                    <li>\n                        <a href=\"http:\/\/instragram\"><i class=\"icon-instagram-logo\"><\/i><\/a>\n                    <\/li>\n                            <\/ul>\n        <\/div>\n    <\/div>\n    [\/vc_column][vc_column width=&#8221;1\/3&#8243; el_class=&#8221;list-contact-3&#8243;]    <div class=\"address-box\">\n        <h3>FACTORY 3<\/h3>\n        <div class=\"contact-info-sm\">\n            <i class=\"icon icon-map-marker\"><\/i>\n                                    Phone: Phone: +90 212 685 25 61                        <br> Fax: Fax: +90 212 685 25 65                                    <br> Email: <a href=\"mailto:renksan@renksan.com.tr\">renksan@renksan.com.tr<\/a>\n                                    <br>Yunus Emre Cad. No: 27 Bolluca \/ \u0130STANBUL            <br>\n                        <ul class=\"social-list social-list-sm\">\n\n                                    <li>\n                        <a href=\"http:\/\/google\"><i class=\"icon-google-plus-logo\"><\/i><\/a>\n                    <\/li>\n                \n                                    <li>\n                        <a href=\"http:\/\/facebook\"><i class=\"icon-facebook-logo\"><\/i><\/a>\n                    <\/li>\n                \n                                    <li>\n                        <a href=\"http:\/\/twitter\"><i class=\"icon-twitter-logo\"><\/i><\/a>\n                    <\/li>\n                \n                                    <li>\n                        <a href=\"http:\/\/instragram\"><i class=\"icon-instagram-logo\"><\/i><\/a>\n                    <\/li>\n                            <\/ul>\n        <\/div>\n    <\/div>\n    [\/vc_column][vc_column width=&#8221;1\/3&#8243; el_class=&#8221;list-contact-3&#8243;]    <div class=\"address-box\">\n        <h3>MIDDEL EAST OFFICE<\/h3>\n        <div class=\"contact-info-sm\">\n            <i class=\"icon icon-map-marker\"><\/i>\n                                    Phone: +971509706873                                    <br> Email: <a href=\"mailto:info@renksangroup.com\">info@renksangroup.com<\/a>\n                                    <br>19 39th St &#8211; Al Quoz Al Quoz Industrial Area 2 &#8211; Dubai &#8211; UAE            <br>\n                        <ul class=\"social-list social-list-sm\">\n\n                                    <li>\n                        <a href=\"http:\/\/google\"><i class=\"icon-google-plus-logo\"><\/i><\/a>\n                    <\/li>\n                \n                                    <li>\n                        <a href=\"http:\/\/facebook\"><i class=\"icon-facebook-logo\"><\/i><\/a>\n                    <\/li>\n                \n                                    <li>\n                        <a href=\"http:\/\/twitter\"><i class=\"icon-twitter-logo\"><\/i><\/a>\n                    <\/li>\n                \n                                    <li>\n                        <a href=\"http:\/\/instragram\"><i class=\"icon-instagram-logo\"><\/i><\/a>\n                    <\/li>\n                            <\/ul>\n        <\/div>\n    <\/div>\n    [\/vc_column][\/vc_row]<\/p>\n<\/section>","protected":false},"excerpt":{"rendered":"<p>[vc_row full_width=&#8221;stretch_row_content_no_spaces&#8221; css=&#8221;.vc_custom_1505804787154{margin-top: -30px !important;margin-bottom: 70px !important;}&#8221;][vc_column][vc_column_text] Contact Us [\/vc_column_text][\/vc_column][\/vc_row][vc_row][vc_column][vc_gmaps link=&#8221;#E-8_JTNDaWZyYW1lJTIwc3JjJTNEJTIyaHR0cHMlM0ElMkYlMkZ3d3cuZ29vZ2xlLmNvbSUyRm1hcHMlMkZlbWJlZCUzRnBiJTNEJTIxMW0xOCUyMTFtMTIlMjExbTMlMjExZDMwMDguNDY5OTQyNDkzMDUzNiUyMTJkMjguODMwMzk5ODE0Nzg1MiUyMTNkNDEuMDU4NzE5MjI0MjY5NCUyMTJtMyUyMTFmMCUyMTJmMCUyMTNmMCUyMTNtMiUyMTFpMTAyNCUyMTJpNzY4JTIxNGYxMy4xJTIxM20zJTIxMW0yJTIxMXMweDE0Y2FhNTY5NmJiMzRlYmYlMjUzQTB4Zjk4ZDVjOWZjYjA0MDEzYiUyMTJzUmVua3NhbiUyNTIwR3JvdXAlMjE1ZTAlMjEzbTIlMjExc2VuJTIxMnN0ciUyMTR2MTU5ODM2NzQ0NzczMCUyMTVtMiUyMTFzZW4lMjEyc3RyJTIyJTIwd2lkdGglM0QlMjI2MDAlMjIlMjBoZWlnaHQlM0QlMjI0NTAlMjIlMjBmcmFtZWJvcmRlciUzRCUyMjAlMjIlMjBzdHlsZSUzRCUyMmJvcmRlciUzQTAlM0IlMjIlMjBhbGxvd2Z1bGxzY3JlZW4lM0QlMjIlMjIlMjBhcmlhLWhpZGRlbiUzRCUyMmZhbHNlJTIyJTIwdGFiaW5kZXglM0QlMjIwJTIyJTNFJTNDJTJGaWZyYW1lJTNF&#8221; css_animation=&#8221;bounceIn&#8221;][vc_separator][\/vc_column][\/vc_row][vc_row el_class=&#8221;Contact-pages-1&#8243;][vc_column width=&#8221;1\/3&#8243; el_class=&#8221;side-contact-1&#8243;][\/vc_column][vc_column width=&#8221;2\/3&#8243; el_class=&#8221;side-contact-2&#8243;][vc_column_text] Get in Touch [\/vc_column_text][\/vc_column][\/vc_row][vc_row el_class=&#8221;contact-pages-list&#8221;][vc_column width=&#8221;1\/3&#8243; el_class=&#8221;list-contact-3&#8243;][\/vc_column][vc_column width=&#8221;1\/3&#8243; el_class=&#8221;list-contact-3&#8243;][\/vc_column][vc_column width=&#8221;1\/3&#8243; el_class=&#8221;list-contact-3&#8243;][\/vc_column][vc_column width=&#8221;1\/3&#8243; el_class=&#8221;list-contact-3&#8243;][\/vc_column][vc_column width=&#8221;1\/3&#8243; el_class=&#8221;list-contact-3&#8243;][\/vc_column][\/vc_row]<\/p>\n","protected":false},"author":1,"featured_media":0,"parent":0,"menu_order":0,"comment_status":"closed","ping_status":"closed","template":"","meta":{"footnotes":""},"yoast_head":"<!-- This site is optimized with the Yoast SEO plugin v23.5 - https:\/\/yoast.com\/wordpress\/plugins\/seo\/ -->\n<title>Contacts - finix plus<\/title>\n<meta name=\"robots\" content=\"index, follow, max-snippet:-1, max-image-preview:large, max-video-preview:-1\" \/>\n<link rel=\"canonical\" href=\"http:\/\/finix.com.tr\/index.php\/contacts\/\" \/>\n<meta property=\"og:locale\" content=\"en_US\" \/>\n<meta property=\"og:type\" content=\"article\" \/>\n<meta property=\"og:title\" content=\"Contacts - finix plus\" \/>\n<meta property=\"og:description\" content=\"[vc_row full_width=&#8221;stretch_row_content_no_spaces&#8221; css=&#8221;.vc_custom_1505804787154{margin-top: -30px !important;margin-bottom: 70px !important;}&#8221;][vc_column][vc_column_text] Contact Us [\/vc_column_text][\/vc_column][\/vc_row][vc_row][vc_column][vc_gmaps link=&#8221;#E-8_JTNDaWZyYW1lJTIwc3JjJTNEJTIyaHR0cHMlM0ElMkYlMkZ3d3cuZ29vZ2xlLmNvbSUyRm1hcHMlMkZlbWJlZCUzRnBiJTNEJTIxMW0xOCUyMTFtMTIlMjExbTMlMjExZDMwMDguNDY5OTQyNDkzMDUzNiUyMTJkMjguODMwMzk5ODE0Nzg1MiUyMTNkNDEuMDU4NzE5MjI0MjY5NCUyMTJtMyUyMTFmMCUyMTJmMCUyMTNmMCUyMTNtMiUyMTFpMTAyNCUyMTJpNzY4JTIxNGYxMy4xJTIxM20zJTIxMW0yJTIxMXMweDE0Y2FhNTY5NmJiMzRlYmYlMjUzQTB4Zjk4ZDVjOWZjYjA0MDEzYiUyMTJzUmVua3NhbiUyNTIwR3JvdXAlMjE1ZTAlMjEzbTIlMjExc2VuJTIxMnN0ciUyMTR2MTU5ODM2NzQ0NzczMCUyMTVtMiUyMTFzZW4lMjEyc3RyJTIyJTIwd2lkdGglM0QlMjI2MDAlMjIlMjBoZWlnaHQlM0QlMjI0NTAlMjIlMjBmcmFtZWJvcmRlciUzRCUyMjAlMjIlMjBzdHlsZSUzRCUyMmJvcmRlciUzQTAlM0IlMjIlMjBhbGxvd2Z1bGxzY3JlZW4lM0QlMjIlMjIlMjBhcmlhLWhpZGRlbiUzRCUyMmZhbHNlJTIyJTIwdGFiaW5kZXglM0QlMjIwJTIyJTNFJTNDJTJGaWZyYW1lJTNF&#8221; css_animation=&#8221;bounceIn&#8221;][vc_separator][\/vc_column][\/vc_row][vc_row el_class=&#8221;Contact-pages-1&#8243;][vc_column width=&#8221;1\/3&#8243; el_class=&#8221;side-contact-1&#8243;][\/vc_column][vc_column width=&#8221;2\/3&#8243; el_class=&#8221;side-contact-2&#8243;][vc_column_text] Get in Touch [\/vc_column_text][\/vc_column][\/vc_row][vc_row el_class=&#8221;contact-pages-list&#8221;][vc_column width=&#8221;1\/3&#8243; el_class=&#8221;list-contact-3&#8243;][\/vc_column][vc_column width=&#8221;1\/3&#8243; el_class=&#8221;list-contact-3&#8243;][\/vc_column][vc_column width=&#8221;1\/3&#8243; el_class=&#8221;list-contact-3&#8243;][\/vc_column][vc_column width=&#8221;1\/3&#8243; el_class=&#8221;list-contact-3&#8243;][\/vc_column][vc_column width=&#8221;1\/3&#8243; el_class=&#8221;list-contact-3&#8243;][\/vc_column][\/vc_row]\" \/>\n<meta property=\"og:url\" content=\"http:\/\/finix.com.tr\/index.php\/contacts\/\" \/>\n<meta property=\"og:site_name\" content=\"finix plus\" \/>\n<meta property=\"article:modified_time\" content=\"2026-04-22T14:08:49+00:00\" \/>\n<meta name=\"twitter:card\" content=\"summary_large_image\" \/>\n<meta name=\"twitter:label1\" content=\"Est. reading time\" \/>\n\t<meta name=\"twitter:data1\" content=\"2 minutes\" \/>\n<script type=\"application\/ld+json\" class=\"yoast-schema-graph\">{\"@context\":\"https:\/\/schema.org\",\"@graph\":[{\"@type\":\"WebPage\",\"@id\":\"http:\/\/finix.com.tr\/index.php\/contacts\/\",\"url\":\"http:\/\/finix.com.tr\/index.php\/contacts\/\",\"name\":\"Contacts - finix plus\",\"isPartOf\":{\"@id\":\"http:\/\/finix.com.tr\/#website\"},\"datePublished\":\"2017-06-21T05:00:59+00:00\",\"dateModified\":\"2026-04-22T14:08:49+00:00\",\"breadcrumb\":{\"@id\":\"http:\/\/finix.com.tr\/index.php\/contacts\/#breadcrumb\"},\"inLanguage\":\"en-US\",\"potentialAction\":[{\"@type\":\"ReadAction\",\"target\":[\"http:\/\/finix.com.tr\/index.php\/contacts\/\"]}]},{\"@type\":\"BreadcrumbList\",\"@id\":\"http:\/\/finix.com.tr\/index.php\/contacts\/#breadcrumb\",\"itemListElement\":[{\"@type\":\"ListItem\",\"position\":1,\"name\":\"Home\",\"item\":\"http:\/\/finix.com.tr\/\"},{\"@type\":\"ListItem\",\"position\":2,\"name\":\"Contacts\"}]},{\"@type\":\"WebSite\",\"@id\":\"http:\/\/finix.com.tr\/#website\",\"url\":\"http:\/\/finix.com.tr\/\",\"name\":\"finix plus\",\"description\":\"The power of cleaning\",\"potentialAction\":[{\"@type\":\"SearchAction\",\"target\":{\"@type\":\"EntryPoint\",\"urlTemplate\":\"http:\/\/finix.com.tr\/?s={search_term_string}\"},\"query-input\":{\"@type\":\"PropertyValueSpecification\",\"valueRequired\":true,\"valueName\":\"search_term_string\"}}],\"inLanguage\":\"en-US\"}]}<\/script>\n<!-- \/ Yoast SEO plugin. -->","yoast_head_json":{"title":"Contacts - finix plus","robots":{"index":"index","follow":"follow","max-snippet":"max-snippet:-1","max-image-preview":"max-image-preview:large","max-video-preview":"max-video-preview:-1"},"canonical":"http:\/\/finix.com.tr\/index.php\/contacts\/","og_locale":"en_US","og_type":"article","og_title":"Contacts - finix plus","og_description":"[vc_row full_width=&#8221;stretch_row_content_no_spaces&#8221; css=&#8221;.vc_custom_1505804787154{margin-top: -30px !important;margin-bottom: 70px !important;}&#8221;][vc_column][vc_column_text] Contact Us [\/vc_column_text][\/vc_column][\/vc_row][vc_row][vc_column][vc_gmaps link=&#8221;#E-8_JTNDaWZyYW1lJTIwc3JjJTNEJTIyaHR0cHMlM0ElMkYlMkZ3d3cuZ29vZ2xlLmNvbSUyRm1hcHMlMkZlbWJlZCUzRnBiJTNEJTIxMW0xOCUyMTFtMTIlMjExbTMlMjExZDMwMDguNDY5OTQyNDkzMDUzNiUyMTJkMjguODMwMzk5ODE0Nzg1MiUyMTNkNDEuMDU4NzE5MjI0MjY5NCUyMTJtMyUyMTFmMCUyMTJmMCUyMTNmMCUyMTNtMiUyMTFpMTAyNCUyMTJpNzY4JTIxNGYxMy4xJTIxM20zJTIxMW0yJTIxMXMweDE0Y2FhNTY5NmJiMzRlYmYlMjUzQTB4Zjk4ZDVjOWZjYjA0MDEzYiUyMTJzUmVua3NhbiUyNTIwR3JvdXAlMjE1ZTAlMjEzbTIlMjExc2VuJTIxMnN0ciUyMTR2MTU5ODM2NzQ0NzczMCUyMTVtMiUyMTFzZW4lMjEyc3RyJTIyJTIwd2lkdGglM0QlMjI2MDAlMjIlMjBoZWlnaHQlM0QlMjI0NTAlMjIlMjBmcmFtZWJvcmRlciUzRCUyMjAlMjIlMjBzdHlsZSUzRCUyMmJvcmRlciUzQTAlM0IlMjIlMjBhbGxvd2Z1bGxzY3JlZW4lM0QlMjIlMjIlMjBhcmlhLWhpZGRlbiUzRCUyMmZhbHNlJTIyJTIwdGFiaW5kZXglM0QlMjIwJTIyJTNFJTNDJTJGaWZyYW1lJTNF&#8221; css_animation=&#8221;bounceIn&#8221;][vc_separator][\/vc_column][\/vc_row][vc_row el_class=&#8221;Contact-pages-1&#8243;][vc_column width=&#8221;1\/3&#8243; el_class=&#8221;side-contact-1&#8243;][\/vc_column][vc_column width=&#8221;2\/3&#8243; el_class=&#8221;side-contact-2&#8243;][vc_column_text] Get in Touch [\/vc_column_text][\/vc_column][\/vc_row][vc_row el_class=&#8221;contact-pages-list&#8221;][vc_column width=&#8221;1\/3&#8243; el_class=&#8221;list-contact-3&#8243;][\/vc_column][vc_column width=&#8221;1\/3&#8243; el_class=&#8221;list-contact-3&#8243;][\/vc_column][vc_column width=&#8221;1\/3&#8243; el_class=&#8221;list-contact-3&#8243;][\/vc_column][vc_column width=&#8221;1\/3&#8243; el_class=&#8221;list-contact-3&#8243;][\/vc_column][vc_column width=&#8221;1\/3&#8243; el_class=&#8221;list-contact-3&#8243;][\/vc_column][\/vc_row]","og_url":"http:\/\/finix.com.tr\/index.php\/contacts\/","og_site_name":"finix plus","article_modified_time":"2026-04-22T14:08:49+00:00","twitter_card":"summary_large_image","twitter_misc":{"Est. reading time":"2 minutes"},"schema":{"@context":"https:\/\/schema.org","@graph":[{"@type":"WebPage","@id":"http:\/\/finix.com.tr\/index.php\/contacts\/","url":"http:\/\/finix.com.tr\/index.php\/contacts\/","name":"Contacts - finix plus","isPartOf":{"@id":"http:\/\/finix.com.tr\/#website"},"datePublished":"2017-06-21T05:00:59+00:00","dateModified":"2026-04-22T14:08:49+00:00","breadcrumb":{"@id":"http:\/\/finix.com.tr\/index.php\/contacts\/#breadcrumb"},"inLanguage":"en-US","potentialAction":[{"@type":"ReadAction","target":["http:\/\/finix.com.tr\/index.php\/contacts\/"]}]},{"@type":"BreadcrumbList","@id":"http:\/\/finix.com.tr\/index.php\/contacts\/#breadcrumb","itemListElement":[{"@type":"ListItem","position":1,"name":"Home","item":"http:\/\/finix.com.tr\/"},{"@type":"ListItem","position":2,"name":"Contacts"}]},{"@type":"WebSite","@id":"http:\/\/finix.com.tr\/#website","url":"http:\/\/finix.com.tr\/","name":"finix plus","description":"The power of cleaning","potentialAction":[{"@type":"SearchAction","target":{"@type":"EntryPoint","urlTemplate":"http:\/\/finix.com.tr\/?s={search_term_string}"},"query-input":{"@type":"PropertyValueSpecification","valueRequired":true,"valueName":"search_term_string"}}],"inLanguage":"en-US"}]}},"_links":{"self":[{"href":"http:\/\/finix.com.tr\/index.php\/wp-json\/wp\/v2\/pages\/302"}],"collection":[{"href":"http:\/\/finix.com.tr\/index.php\/wp-json\/wp\/v2\/pages"}],"about":[{"href":"http:\/\/finix.com.tr\/index.php\/wp-json\/wp\/v2\/types\/page"}],"author":[{"embeddable":true,"href":"http:\/\/finix.com.tr\/index.php\/wp-json\/wp\/v2\/users\/1"}],"replies":[{"embeddable":true,"href":"http:\/\/finix.com.tr\/index.php\/wp-json\/wp\/v2\/comments?post=302"}],"version-history":[{"count":43,"href":"http:\/\/finix.com.tr\/index.php\/wp-json\/wp\/v2\/pages\/302\/revisions"}],"predecessor-version":[{"id":1591,"href":"http:\/\/finix.com.tr\/index.php\/wp-json\/wp\/v2\/pages\/302\/revisions\/1591"}],"wp:attachment":[{"href":"http:\/\/finix.com.tr\/index.php\/wp-json\/wp\/v2\/media?parent=302"}],"curies":[{"name":"wp","href":"https:\/\/api.w.org\/{rel}","templated":true}]}}